- 5 - -1)
24
What is 12 + (4 - -4) + -6 + 19?
33
What is the value of 105 + -88 - (1 - 5) - (2 - -1)?
18
What is 2 - 84 - (-144 - -80)?
-18
What is -21 + -73 + 39 + 70?
15
Calculate ((2 - -14) + -8 - (-7 - -43)) + 14.
-14
Calculate (7 - -3) + (0 - -80 - ((-103 - -38) + 51)).
104
Calculate -1 + -11 - (-74 - (14 + -23 - 29)).
24
What is the value of 5 + (-13 - -14 - -4) + 14?
24
What is the value of -11 - (-5 - 3) - 8?
-11
Evaluate -71 + (35 - 12) - -108.
60
What is the value of (-9 + 2 - -8) + 7 - (12 - -15)?
-19
What is the value of (-34 - (1 + -17) - -8 - (-1 - 16)) + 0?
7
Calculate 6 + 9 + 7 - 11 - 12 - -6.
5
Calculate -8 - (67 + -142 + 70).
-3
(0 - -32 - (-288 - -323)) + 1 + 0
-2
Calculate 24 + -4 + (-10 + (-2 - -1) + 9 - -5).
23
What is the value of 85 + -187 + 74 - (3 - (0 + -2))?
-33
Evaluate -45 + (0 - -5 - (4 + 3 + -10)).
-37
What is the value of -55 - -8 - (-73 + -6)?
32
-2 + 13 + -3 - (-54 + -27)
89
What is the value of -6 - 0 - ((-8 + -10 - -97 - 6) + -8)?
-71
Evaluate (-14 - (90 + -3)) + 36 - 31.
-96
Calculate 11 + -11 + 19 + (28 - 21) + 4 + 0.
30
What is 19 + 3 + (26 - 25 - -26)?
49
Evaluate 29 + -35 + 5 - (2 + -17 - -3).
11
Calculate 24 + (23 - 33) + 6 - 51.
-31
Calculate 30 - 2 - (1 - 1) - (-87 + -99 + 198).
16
What is the value of 1 - (-77 + 1) - (11810 + -11786)?
53
Calculate -14 - (-8 + -5) - (-1 + -26 + -69).
95
What is the value of -120 - -25 - (141 + -340)?
104
Calculate 63 + (16 - (3 - -16) - 8 - 5).
47
Calculate (9 - (-1 + 1)) + (-23 - (79 - 52)).
-41
Calculate (-43 + -24 - -4) + (6 - -12).
-45
What is 0 + -8 - (-161 + 200 + -2 + -7)?
-38
Evaluate 44 + 45 + -139 + -30.
-80
What is 75 - (-50 + 225 + -45)?
-55
What is the value of 0 - 31 - -3 - (1 + (-136 - -124))?
-17
Evaluate 231 + -257 + 54 + -1.
27
Evaluate 656 - 662 - ((82 + -8 - (2 + 1)) + -2).
-75
Calculate (-57 - (126 + -168)) + -38 + -1.
-54
What is -66 - (-211 - -203 - (16 + -1))?
-43
(8 - 23 - -2) + 117 + (9 - -4)
117
Calculate 26 - -5 - (32 + -17 + 5 + -36).
47
What is the value of -141 + 73 - -46 - (1 - -9)?
-32
Calculate (13 - 2) + -16 + 20 - (-67 - -98).
-16
-6 + (1065 + -1066 - (-1 + -1 + 6)) + 87
76
Calculate -1 - (-156 + 64 + -8 - (0 - -9)).
108
(0 + 0 - (149 - 142)) + 1 - (1 - 42)
35
What is (55 - -1) + -10 + (17 - (4 + (-8 - -7)))?
60
Evaluate 77 - 1 - (19 - (8 + 57 - 34)).
88
Calculate 15 + 44 + -164 - -94.
-11
Evaluate (359 - 328) + (-31 - -2).
2
What is the value of (-256 - (-237 - 28)) + (-1 - (1 - 42))?
49
Evaluate 52 + (2 + -25 - (-29 + 33 + -14)).
39
What is the value of (-139 - -194 - 77) + (-1 - -109)?
86
Calculate -12 - ((12 - 15) + (2 - (11 + -2))).
-2
Calculate -2 + (13 - (-4 - (-30 + 18) - (3 - 15))).
-9
Calculate (139 + -211 - -32) + -59.
-99
Calculate -59 - (-178 + 59 + -20).
80
(-55 - (-93 - -48)) + 29
19
Calculate (70 + -55 - 25) + (0 - 2) - 44.
-56
What is -13 + -1482 + 1476 + (0 + (3 - 2) - -5)?
-13
Evaluate -3 - (-2 + -2 + -1) - (244 + -298).
56
What is 7 + (-36 + -13 - -60)?
18
What is (-53 + 57 - (1 - (3 - 6))) + -5?
-5
What is the value of -1 + -2 - (-1 - 30 - 0 - (445 + -439))?
34
What is 10 - (-77 - -107) - 35?
-55
What is the value of (-5 - -10) + (-173 - -207)?
39
What is the value of -9 - ((11 - 22) + (-48 - 4) + 0)?
54
What is (15 - -1) + (-73 + 15 - (-16 - 10))?
-16
Evaluate -38 + (83 - (18 - -10)).
17
What is the value of (-12394 - -12409) + (-2 - -6)?
19
Calculate -3 + (5 - -13) + (-13 + -2 - -25) + -9.
16
Calculate (-15 - 19) + 17 + 32 + -8.
7
1 + -15 + 75 + -72 - (43 - (6 + -1))
-49
Calculate -3614 + 3533 - (3 + (-2 - 1) + -6 + -4).
-71
-24 - -18 - (26 + -2 + -4)
-26
What is the value of -44 + (6 - -34 - 25)?
-29
((8 - 4) + -1 + -10 - -7) + 23
23
Calculate -34 - (-85 - -97) - -51.
5
What is the value of -4 - (5 - 9 - -9 - (77 + -125))?
-57
What is the value of -13 + (-32 - -25 - (3 - 25))?
2
(-89 - 16) + 108 + -65
-62
What is the value of (-3 - 4 - (-19 - -13)) + (-42 - -34) + -17?
-26
(43 - 6) + -17 + 5 + 17
42
What is the value of 4 + (6 - -6) + -20 - 38?
-42
Evaluate -27 + -3 + -67 - -23 - (1 + 6).
-81
(-5 - -2) + (5 - (-46 + -3 + 1))
50
What is (-32 - (-25 - 13) - (7 - 0)) + 4?
3
Evaluate -10 - (-2 + 5 - -3 - (110 - (38 + -35))).
91
Calculate 27 + 25 - (27 + -57).
82
49 + (2 - (-34 - -22) - (-1 - -13))
51
What is 4 + -2 + 63 + 194 + -202?
57
Calculate 7 + -7 - ((12 - -47) + -32).
-27
What is the value of -167 + 53 - (-1 - (-11 - -9))?
-115
Evaluate (-18 - (-8 + (-55 - -40))) + -20 + 0.
-15
What is (4 - (6 + -6)) + (188 - 146)?
46
What is the value of -32 + (-19 - (-28 - -29)) + -38?
-90
Evaluate 306 + -291 + (18 - -10).
43
Calculate -87 - (-82 + (-57 - -81)).
-29
Calculate -4 + 2 - ((0 - -15) + 83 + -22 + -5).
-73
Evaluate (1087 - 1079) + -1 + -3 + 58.
62
-1 + (-17 + 4 - -10) + 8 + 10
14
-45 + 13 + 0 + 7 + -3
-28
What is the value of 15 - 18 - -14 - 21 - -12?
2
Evaluate -22 + 2 + -4 - -8 - 23.
-39
31 + (15 - (95 - 24))
-25
(39 - 1 - (429 - 405)) + -14
0
What is -8 - (81 + -45 - 23)?
-21
(30 + (-59 - -63) - 16) + (-1 - -87)
104
Evaluate 5 + 142 + -32 + 0 + -33 + -13 + 0.
69
Calculate -85 + 62 - -56 - (-17 + 4).
46
139 - 64 - (-4 - -45)
34
17 - ((11 - 10) + 29 + 22 - 14)
-21
What is (2 + -4 - (7 - 3)) + (14 - (16 + 7))?
-15
88 - (37 + -1 + (-748 - -755))
45
Calculate -39 + (-1 - 27) + 61 + -10 + -40.
-56
Calculate -11 + (-95 + 84 - (0 + 32 + -1 + 7)).
-60
What is the value of -2406 + 2371 - (2 + -49)?
12
Calculate -9 + (-19 - (-11 + 31 + -35)).
-13
Evaluate (5 - (42 + (2 - -7))) + (11 - 10).
-45
Evaluate ((3 - -11) + (-32 - -30) - 80) + 8.
-60
Evaluate (-12 - -4) + 13 + -12 + -2 - -40.
31
What is (44 - 114 - -24) + 59?
13
-19 - -6 - (-8 - (2 + -2)) - 10
-15
What is the value of 967 - 954 - (0 - -12)?
1
What is the value of -6 + -4 + 33 + (1 - (-4 + 2))?
26
What is the value of -39 + 39 - (-16 - (2 - 16))?
2
Evaluate 55 + 68 + -64 - -57.
116
What is (13 - 16 - -2) + -1 + -8 - -52?
42
What is the value of (-20 - (14 + (-17 - 10))) + (41 - 1)?
33
(3 - 62) + 3 + (63 - 27 - (-19 - -58))
-59
Calculate 23 + -24 + ((7 - (-7 + -60)) + -8 - -6).
71
What is the value of 4 - ((315 - 320 - (0 + 7)) + 8)?
8
1551 - 1629 - (-43 + 2)
-37
5827 - 5872 - (-42 - 1)
-2
Evaluate (-18 - (-12 - -15)) + 1 + (142 - 0).
122
Calculate -30 + -8 + 46 + -8 + 1 + -80.
-79
Calculate 71 + -51 + (19 - -12).
51
Calculate (-26 + 5 - (-9 + 2)) + (-212 - -120).
-106
What is the value of -14 - -7 - (-7 - 36) - (-10 - 6 - -6)?
46
Calculate -2 + 47 - (-13 + 31 - (-1 + 11 - 3)).
34
What is the value of (-46 - -53) + 6 - ((-5 - 2) + 0)?
20
Evaluate -1 - ((9 - (2 - 2)) + (-121 - -122) + 10).
-21
Evaluate 4 - (1 + 8 - (21 - (12 - -4))).
0
0 + 13 + (6 - 6) + (-9607 - -9629)
35
What is 9 + (4 - (-60 - 1)) + -18 + 28?
84
What is the value of -35 - (2 - ((23 - 31) + 9))?
-36
(12 + (6 - 11) - (-5 + 25)) + -26
-39
Evaluate 77 - (-16 + (-16 - -55) + -36).
90
Calculate 3 + 50 + -53 + 0 + -10 - -83.
73
What is 40 + -7 + (-4 - (10 + (15 - 18)))?
22
What is the value of 26 - (-34 + 12 - -70)?
-22
What is the value of -19 - (42 + -164 - -77)?
26
What is the value of 21 - 2 - (116 + (-32 - 62))?
-3
Calculate (8 - -22) + -61 - -53 - 114.
-92
Calculate -71 + 0 + -13 + 10 - -5 - (2 - -6).
-77
Calculate 31 + -36 - -33 - (-1 - (10 - -3)).
42
-12210 - -12210 - (1 - -67)
-68
What is 46 + 1 + -9 + 27 + -12 + -11 + 1?
43
What is the value of -16 + 20 + 22 - (68 - 5)?
-37
What is the value of (0 - -6) + (-12 - (4 - -9) - (-9 - -17))?
-27
-8 + (698 + -636 - ((-1 - 12) + -3))
70
What is the value of (-12 - -23) + (-4 + -56 - (-7 - -2))?
-44
What is the value of 33 + -56 - (0 + -24)?
1
Calculate (-2 - 5) + (-14 - (-1 + 1)) + -19 + 19.
-21
Calculate 3 + -6 - -75 - (-70 - -89).
53
(-46 - -20) + 14 + (-21 - -4)
-29
Calculate (0 - 7) + 97 + -79 + -113 + -3 + -2.
-107
What is (-39 - 1) + 62 + -88 + 44?
-22
Calculate -34 - (15 + -8 + 3 + (-4 - -6) + -7).
-39
Calculate 2 + -3 + 6 - (309 + -104 + -206).
6
Evaluate 211 - 96 - 169 - (-2 + 15).
-67
What is the value of (-1 + -2 - 4) + 141 + -35 + -93?
6
-683 - -669 - (-11 - (6 + -5 + 5 + 0))
3
What is -69 + 63 - -82 - 104?
-28
Evaluate (-122 - (104 - 55)) + 106.
-65
What is the value of -29 + -154 + -16 + 107?
-92
Calculate 9 - (55 - 66) - 66.
-46
What is 47 - (41 + (-16 - 20) - -151)?
-109
What is -42 - -4 - (461 - 478)?
-21
What is -1 - 14 - (